**4/4 - 7*v**3/6 + 4*v**2. Suppose 3*c + 3 = 5*k, 7 = -c - 2*k - 5. Determine b(c).
-7
Let l(d) = -d**2 - 5*d + 6. Let p be 220/14 - 16/(-56). Let c = 11 - p. Calculate l(c).
6
Let m(l) = l - 5. Let d be m(7). Suppose 4*h - 29 = -2*o - 3, -2*h + 19 = 3*o. Let y(j) = -5 + h - 3*j**d - 3*j. Determine y(-2).
-6
Let l(k) = -k + 1. Suppose 5*p = 2*p + 9. Suppose 3*d + 4*b + 4 + 3 = 0, 0 = -p*b + 6. Determine l(d).
6
Let t(m) = -m + 4. Suppose -5*y = 17 + 3. Suppose -3*h - 3 = -18. Let i be (y - 0)/(-6 + h). Determine t(i).
0
Suppose 5*r = 3*r - 8. Let o(c) = -c**2 - c + 4. What is o(r)?
-8
Let s(u) = 13*u**2 + 13*u**2 - 23*u**2 + 2 + 7*u**2 + u**3. Determine s(-10).
2
Let a(y) be the third derivative of y**5/60 - y**4/24 + 2*y**3/3 + 5*y**2. Let h(i) be the first derivative of a(i). Calculate h(2).
3
Let g = 21 + -19. Let l(h) = 4*h + 2. What is l(g)?
10
Let k(u) be the third derivative of 0*u + u**2 + 0*u**4 - 1/3*u**3 - 1/120*u**5 + 0 + 1/360*u**6. Let c(s) be the first derivative of k(s). Give c(3).
6
Let z(d) be the third derivative of d**6/15 + d**5/30 - d**3/6 + 27*d**2. Determine z(1).
9
Let x(u) = -3*u**2 + 2*u + 8. Let q(j) = 4*j**2 - 3*j - 7. Let v(h) = -2*q(h) - 3*x(h). Give v(0).
-10
Let z(l) = -l**2 + 5*l - 1. Suppose -a - 2*q = a - 18, -2*a + 22 = 3*q. Determine z(a).
-1
Suppose 3*o + 35 = 4*s, -3*s - 7 = -22. Let b(v) = 3*v**2 - 7*v - 6. Let h(u) = -4*u**2 + 7*u + 7. Let a(z) = -5*b(z) - 4*h(z). What is a(o)?
-8
Let j(m) = -m - 3. Let l(b) = -b. Let g(f) = -j(f) + 2*l(f). Give g(5).
-2
Let z = 1673/12 + -139. Let a(y) be the second derivative of -1/6*y**3 + 0 + 0*y**2 + y - z*y**4. Determine a(-1).
-4
Let m(h) = -14*h + 0*h**2 - 2*h**2 - 3 - h**2 - 2*h. Let l(v) = v**2 + 5*v + 1. Let c(r) = -7*l(r) - 2*m(r). Suppose 6 = -3*j - 0. Give c(j).
1
Suppose 4*q = 7 - 3. Let i(t) = q + 1 + t + 0. Suppose 3*l = -3*n - 3, -5*l + 25 = -0*l - 5*n. What is i(l)?
4
Let k(q) = 1 - 1 - 3*q + 4 - 2. What is k(3)?
-7
Let q(t) = -8*t + 1. Let d(y) = -y - 3. Let o be d(-2). Let z be (0 + o + 2)*2. Suppose 2*i + 0*i = z. Give q(i).
-7
Let p(u) = 0 - 3*u**2 + 2*u**2 + 3*u**3 + 1. Let h(o) = 6*o - 1. Let k be h(1). Suppose -2*b = k*y - 1, 2*y = -5*b + 1 - 9. Give p(y).
3
Let r be (-13 - -12)*2/(-2). Let z(d) = -5*d**3 - d. Determine z(r).
-6
Let v = 15 + -16. Let g(t) = -10*t**2 - 2*t - 1. What is g(v)?
-9
Suppose -8*x = -3*x. Suppose 3*q + 0*q - 9 = x. Let b(w) = -3 - q - 3 + 3 + 8*w - w**2. Determine b(5).
9
Let o(x) = -11*x**3 + 23*x**2 + 2*x + 2. Let t(u) = -4*u**3 + 8*u**2 + u + 1. Let m(f) = -3*o(f) + 8*t(f). Determine m(3).
-10
Suppose -16 = -0*s - 4*s, 3*b - 53 = -5*s. Let v = b + -4. Suppose 0 = 4*a - 3 + v. Let k(i) = -i**2. Give k(a).
-1
Suppose -s + z = 4*z - 2, 5*z - 4 = -s. Let n be s - (-3)/(12/(-8)). Let k(b) = b**3 + 2*b**2 - 2*b + 2. Give k(n).
-1
Let s(m) = 3 + 6*m + 2*m + m - 6*m. Determine s(-3).
-6
Let k(g) = 3 - 1 + g + 0*g**2 + g**2. Let c be (-4)/(-6) - 14/84*16. Determine k(c).
4
Suppose 0 = -5*c - 4*b - 50, b - 3 = -8. Let g(i) = i**3 + 5*i**2 - 5*i. What is g(c)?
-6
Let b(a) = -2*a**2 - 4*a - 3. Suppose -9 = -2*r - 13. Calculate b(r).
-3
Suppose 0 = -4*f - 2*f + 24. Let x(i) = i - f*i**2 - 8*i + 8*i. What is x(1)?
-3
Suppose 4*c - 2 = 2*y + 12, c - 17 = 5*y. Let r(p) = p**2 + 2*p - 4. Give r(y).
-1
Let k be 16/(-12)*(-3)/2. Let x(p) = -2 - k*p - 6 + 2 + 2. Calculate x(3).
-10
Let r(x) = -8*x - 1. Suppose t = -4*q - 10, -5*t = -q - 3*q - 46. Let k = t - -2. Suppose 0 = w - 5*h + 4, -4*w + k*h = 3*h + 1. What is r(w)?
-9
Let r = 2 + -1. Let n(x) = -r + 2*x**2 + 3*x + 0*x + 3 - 6*x. What is n(2)?
4
Let s(l) = 2*l**3 - 2 - 3*l**3 + 3*l**2 + 2*l - 5*l**2 + 1. Calculate s(-2).
-5
Suppose 4*h + 4*b = -8, -5*h - b = -8 + 2. Let o(k) = -5 + h*k - 1 - 3*k + 2*k. Suppose -2*p = p. Give o(p).
-6
Let a(c) = c**2 - 6*c + 2. Let b(y) = -y**2 + 9*y - 11. Let m be b(7). Give a(m).
-7
Let o(s) = s**3 + 4*s**2 - 6*s + 1. Let q be (-6)/(-5)*15/6. Suppose 0 = -p - 2*x + q*x - 3, 5*x + 10 = 0. Calculate o(p).
6
Let x(k) = 4*k. Suppose -2*s - 14 = 2. Let v = -2 - s. Suppose v*p + 5 = p, -5*p - 1 = 4*g. Determine x(g).
4
Let z = -12 - -10. Let f(j) = -j**3 - 4*j**2 - 3*j. Give f(z).
-2
Let z(v) = -2*v - 5 + 9 + 2 + 3. Let a = -37 - -44. Calculate z(a).
-5
Suppose 2*w = -0*w. Let q be -1 - -2 - (1 + w). Let t(i) = -9*i + 5. Let u(f) = -5*f + 3. Let j(b) = -4*t(b) + 7*u(b). Determine j(q).
1
Let k(o) = 2*o - 6. Let r be (-10)/(-3) + 4/6. Let m be k(r). Let g(n) = -2*n + 3. Determine g(m).
-1
Let j(s) = 9*s - 2*s**2 - 17 + 10 + 2*s**3 - 3*s**3 + 8*s**2. Give j(7).
7
Suppose 1 - 5 = -t. Let a be 15/t - 5/(-20). Let i(y) be the first derivative of y**4/4 - y**3 - y**2 - 3*y + 3. Calculate i(a).
5
Let i = -4 + 7. Let p(n) = -n**2 + 6*n. Give p(i).
9
Let g(w) = -w**2 - 2. Let z(x) = -3*x**2 + x - 5. Let p(i) = 7*g(i) - 3*z(i). Suppose 0*d - 6 = -2*d. Calculate p(d).
10
Let b be (-3 - 3) + (0 - 0). Let l = b + 4. Let r(c) be the third derivative of c**4/24 + c**3/3 + 10*c**2. Calculate r(l).
0
Let f be (-6)/(-2) + -5 + 5. Let r(d) = d. What is r(f)?
3
Let k(o) = 7*o**2 - 3*o + 0*o**2 + 7 + o**3 - 2*o**2. What is k(-6)?
-11
Let s(w) be the first derivative of w**2/2 - 8*w + 26. Determine s(7).
-1
Let k(d) = -7*d + 11. Let x(y) be the second derivative of 5*y**3/3 - 8*y**2 + 7*y. Let w(h) = -7*k(h) - 5*x(h). Give w(6).
-3
Let o(b) = -3 + 6*b - 8*b + 4*b**2 + 4 - 5*b**2. Let r(h) = -h**2 + 4*h + 1. Let k be r(3). Let x be (k/6)/(1/3). What is o(x)?
-7
Let x(s) = 0*s**2 - 6*s**2 - 2 + 7*s**2 - 3*s. Give x(-2).
8
Let r(h) = h + 1. Let y be r(-3). Let o = y + 2. Let w(g) = 2 - 2*g**2 + 0*g - g + o*g. What is w(2)?
-8
Suppose -2*g = -7*g + 60. Suppose 0 = -5*r - 37 + g. Let t(v) = v**2 - v**2 - 2*v - v**2 + 5. What is t(r)?
-10
Suppose 5*h - 17 = 3. Let x(q) = -5*q**2 - 21 - 3*q**2 + 3*q + 4. Let t(v) = -3*v**2 + v - 6. Let c(m) = h*x(m) - 11*t(m). Calculate c(2).
4
Let n = -42 + 43. Let g(l) = 14*l**3 - l**2 - l + 1. Determine g(n).
13
Let o(m) = m**3 + m + 1. Let g be ((-4)/8)/(1/(-4)). Suppose q - g = -0*q. Suppose -3*s = -q*s. Give o(s).
1
Let c(i) be the first derivative of -i**3/3 + 5*i**2/2 - 2*i + 1. Let m be (18/15)/(6/15). What is c(m)?
4
Let q(o) = -o - 1. Let y be q(1). Let b(g) be the third derivative of -g**6/120 - g**5/30 - g**4/24 - g**3/6 + 8*g**2. Give b(y).
1
Let u(n) = n**3 + 3*n**2 + n + 1. Suppose 12 - 4 = -4*m. Calculate u(m).
3
Let f(v) = 1 - 257*v**2 + 257*v**2 + v**3 + 7*v**3. Calculate f(-1).
-7
Let w be (6/9)/(3/9). Let j(k) = -k**2 + 0 - 3 + w. Suppose 2*x + 4*b = 2*b + 6, -5*x - b + 7 = 0. Determine j(x).
-2
Let d(q) = q + 3*q - 3*q - 7*q**2 - q**2. Let o(g) be the third derivative of g**6/120 - 3*g**2. Let f be o(1). Calculate d(f).
-7
Let q(f) be the first derivative of f**4/4 - 4*f**3/3 - f**2/2 + 4*f - 28. Give q(4).
0
Let v(h) = 4*h**2 - 4*h + 7. Let r(g) = -5*g**2 + 4*g - 8. Let x(b) = 3*r(b) + 4*v(b). Calculate x(6).
16
Let x = -13 + 18. Let k(f) = -f - x*f + 3*f. What is k(1)?
-3
Let w = -1 - 0. Let x be w/2 - 39/(-6). Let r(j) = j**3 - 7*j**2 + 8*j - 8. Calculate r(x).
4
Let n(a) = a**3 + 5*a**2 - 7*a - 9. Let j be n(-6). Let m(t) = -4*t + t**3 + 4*t + 2*t**2 + 2. Give m(j).
-7
Let a(i) = -4*i + 1. Let n be (-1)/(-1) + (-2)/(-2). Let s = -26 - -22. Let v be (-4)/8 + n/s. Determine a(v).
5
Let c(p) = -2*p + 9. Let l be c(6). Let s = -2 + l. Let r(h) = h**3 + 5*h**2 - 2*h - 6. Calculate r(s).
4
Let x(p) = p + 1. Let a(h) = -6*h - 2. Let t(z) = a(z) + 4*x(z). Calculate t(4).
-6
Suppose f + 3*f - 24 = 0. Let t(n) = -f*n - 5*n + 3*n + 9. Let c(s) = 23*s - 26. Let u(q) = -6*c(q) - 17*t(q). Determine u(3).
-3
Suppose 5*o = -6 - 9. Let m(w) = -w**3 - 3*w**2 - 2. Give m(o).
-2
Suppose -1 + 5 = 2*b. Let u(x) be the first derivative of x**3 - 3*x**2/2 + 5. Calculate u(b).
6
Let k(u) = -u**3 + 8*u**2 - 9*u + 8. Suppose -7*b - 6 = -10*b. Suppose 60 = b*d + 3*d - 5*m, -d + 32 = -5*m. Calculate k(d).
-6
Let q(s) be the first derivative of s**2 + 5*s + 19. Let o be (0 - 9)*(-2)/(-3). Determine q(o).
-7
Let k = 24 - 17. Let s(n) = -n**2 + 9*n - 9. Give s(k).
5
Let w(p) be the first derivative of -p**5/60 - p**4/12 + p**3/3 + 5. Let f(a) be the third derivative of w(a). Calculate f(-2).
2
Let t(l) be the first derivative of -l**4/4 + 2*l**3 